te b(-2).
-37
Let a be -1*(-3)/(6/4). Let i(d) = 0 - 546*d**a + 1 + 541*d**2. What is i(-1)?
-4
Suppose 2*x + 0 - 12 = 0. Let b(c) be the second derivative of -c**4/12 + c**3 - c**2/2 - 3*c. Determine b(x).
-1
Let x(s) = -2*s + 6. Suppose 0 = -0*d - 4*d - 8. Let p(r) = -25*r**3 - 3 - 2*r - r**2 - 14*r**3 + 38*r**3. Let q be p(d). Calculate x(q).
-4
Suppose 0 = 3*w - 5*w + 90. Let q be (1*(9 + -17))/(4/6). Let y be (-8)/q*w/(-6). Let h(i) = i**3 + 4*i**2 - 6*i - 1. What is h(y)?
4
Let c(r) = 138 + 137 + 4*r - 290. What is c(6)?
9
Let z(d) = -d**3 + 6*d**2 - 3*d - 5. Suppose -5*a = -2 + 22, -a - 9 = -t. What is z(t)?
5
Let f be (1 - (-2 - -3))/(-3). Let c(a) = a + 7. Let w(k) be the second derivative of k**3/2 + 10*k**2 + 2*k. Let o(h) = -17*c(h) + 6*w(h). Give o(f).
1
Let j(z) be the second derivative of z**4/6 + z**3/6 - 302*z. What is j(-2)?
6
Let s(h) = h + 3. Let x be 49/(-7) - (-35)/7. Calculate s(x).
1
Suppose -8*x + 4*x = 16. Let o be (x/12)/(2/(-12)). Let j(v) = -8*v - 1 - v**o - v + 5*v. Determine j(-5).
-6
Let g = 1807 + -1798. Let b(n) = 5*n - 5. Calculate b(g).
40
Suppose 4*p = -5*g + 27, 0*p - 3*p = 4*g - 22. Let s = g + -3. Let t(k) = -3*k - 3. Determine t(s).
-15
Let z(x) = -x + 1. Let h(v) = 2*v. Let d(y) = -4*h(y) - 7*z(y). Calculate d(-3).
-4
Let k = -938 - -944. Let t(x) be the third derivative of 1/60*x**5 - 3/2*x**3 + 1/120*x**k + 0*x - 1/24*x**4 + 0 + 6*x**2. Determine t(0).
-9
Let v(x) = -3*x**2 + 17*x + 8. Let c(w) = -2*w**2 + 11*w + 5. Suppose -2*t - 3*t + 15 = 0. Suppose 24 = t*g - 0. Let k(y) = g*c(y) - 5*v(y). Determine k(2).
2
Let u(l) be the first derivative of -l**3/6 - 7*l**2/2 + 32*l - 1. Let r(q) be the first derivative of u(q). Give r(-5).
-2
Let g(x) = -37*x + 143. Let t be g(4). Let y(z) = -z - 8. Calculate y(t).
-3
Suppose -3*z + 18 = 4*w, 0 = -2*z + 3*w - w + 26. Let h(p) = p - 13. What is h(z)?
-3
Let c(o) = -o**2 + 6*o - 3. Let k be c(6). Let g(q) = 17*q**3 + 19*q**2 - 9*q + 30. Let f(v) = 5*v**3 + 6*v**2 - 3*v + 9. Let p(a) = 7*f(a) - 2*g(a). Give p(k).
21
Suppose 0 = -2*n - 46 + 54. Suppose 3*c + 31 = -n*m, m - 20 = 3*c - 9. Let s(x) = 3*x + 2. Calculate s(m).
-10
Let s(k) = -30*k**2 + 1. Let t = 312 - 311. Calculate s(t).
-29
Let m(a) = a**2 + 1. Suppose 0 = s - 9 + 4. Suppose -b = -6*b - v - 12, 0 = -4*b - s*v - 18. Let x be b/(-15) + 56/30. Determine m(x).
5
Let z(x) be the third derivative of x**5/60 - 13*x**4/24 + 5*x**3/6 + 99*x**2. Calculate z(12).
-7
Let f(p) = -p - 1. Suppose 3*h - j = -15, 4*h = 9*h + 3*j + 11. What is f(h)?
3
Let i(b) = -59*b**3 + 2*b**2 + 2*b + 3. Let y(h) = -30*h**3 + h**2 + h + 1. Let a(j) = -2*i(j) + 5*y(j). What is a(1)?
-31
Let f(q) = 5*q**2 + 11*q + 10. Let i(r) = 10*r**2 + 25*r + 22. Let p(v) = 5*f(v) - 2*i(v). Calculate p(-2).
16
Suppose 4*z = 4*w, -6 = -4*w + z + z. Let d(v) = w*v - 82 + 37 + 37. Calculate d(-6).
-26
Let x(s) = 4*s**2 - 3. Let g(r) = 19*r**2 - 13. Let u(i) = -6*i**2 + 4. Let c(w) = -3*g(w) - 8*u(w). Let n(z) = -3*c(z) - 7*x(z). Determine n(-3).
-9
Let s(h) = 1382 - 692 - 4*h + h**2 - 694. Let f be ((-4)/6)/(2/(-6)). Suppose -b = f*b - 12. What is s(b)?
-4
Let q(h) = -h**2 - 7*h + 10. Suppose -3*s + 15 = -8*s, -4*m + 5*s = 21. Calculate q(m).
-8
Suppose r = 3*k + 480 + 5, 0 = 5*k - 4*r + 799. Let z be 9/(-15) + k/(-5). Let n(h) = h - 3*h + 4*h - 19 + z. What is n(-9)?
-5
Let i(t) = -4*t - 9. Let j(s) = 3*s + 7. Let b(g) = 5*i(g) + 6*j(g). Determine b(-3).
3
Let d(v) = -4 + 17*v**2 + 14*v**2 - 32*v**2 - 3 - v + 21. Give d(0).
14
Suppose 0*s + 4*s = 3*a + 6, 10 = -5*a - 5*s. Let y(n) = -5*n**2 + 2. What is y(a)?
-18
Let u(j) = -j**2 + 10*j - 5. Suppose 13*a - 10*a - 18 = -3*y, -27 = -2*y + a. Give u(y).
-16
Suppose 75*a - 36 = 5*l + 74*a, 0 = 4*l - a + 29. Let n(v) = -v + 0*v - 4 - v. Calculate n(l).
10
Let x(s) = -s**2 - 6*s - 1. Let d(u) = -u**2 + 16*u + 11. Let g be d(17). Calculate x(g).
-1
Suppose 2*n + n = 0. Let k(b) = 2*b**2 - b**2 + n - 6*b - 6 + 12*b. Calculate k(-6).
-6
Let u(q) = 3 - 224*q**2 + 222*q**2 - 22 - 55*q. Calculate u(-27).
8
Let i(o) be the third derivative of 1/6*o**3 + 1/120*o**6 + 0*o - 1/12*o**5 + 26*o**2 + 0 - 1/8*o**4. Suppose -2*g = -0 - 10. Give i(g).
-14
Let k(h) be the second derivative of h**3/6 - 29*h**2/2 + 195*h. Determine k(30).
1
Suppose 17*a - 52 - 135 = 0. Let h(d) = -d**3 + 12*d**2 - 11*d - 1. Calculate h(a).
-1
Let c(w) = w**3 - 5*w**2 + 7*w - 8. Let h be c(4). Let b(a) = a - 5. Let o(d) = 3. Let s(j) = 3*b(j) + 5*o(j). Give s(h).
12
Suppose 3*o + 4 + 3 = g, -g + 7 = -2*o. Let u(b) = -10 + g*b + 4 - b**3 + 5*b**2 + 0*b. Suppose -4*t - 2*f = -30, -3*t + 5*t - 3 = 3*f. Determine u(t).
0
Let g = 3 + 4. Let m = g + -13. Let r(t) = -2*t**3 - 14*t**2 - 25*t + 13. Let b(x) = x**3 + 7*x**2 + 13*x - 7. Let z(l) = -11*b(l) - 6*r(l). What is z(m)?
-7
Suppose -u = 3*u - 4. Let s = -9 + 23. Let i(n) = -s*n + 2 - 4 - u + 2. What is i(1)?
-15
Let k be (0 - -7) + -2 + -2. Let v = 20 - 18. Let i(l) = k*l**2 - 2 - 3*l**v - l**2 + 6. Give i(4).
-12
Let d(n) = -4*n - n + 3 + 3*n + 4*n. Calculate d(-5).
-7
Let u(c) = -8*c - 139. Let z be u(-18). Let m(l) = l**3 - 4*l**2 - 6*l + 7. Give m(z).
2
Let a = 3237 + -3242. Let v(l) = l**3 + 5*l**2 - 2*l + 2. Determine v(a).
12
Let h(l) = -8*l + 8. Let f(o) = -o + 1. Let w(d) = -20*f(d) + 3*h(d). Let b(v) = 12*v - 12. Let s(a) = 3*b(a) + 10*w(a). Suppose 3*k - 6 = 3. What is s(k)?
-8
Let n(b) be the third derivative of b**8/6720 + b**7/2520 - b**6/720 - b**5/12 - 9*b**4/4 + 34*b**2. Let x(d) be the second derivative of n(d). Determine x(0).
-10
Let n(i) be the second derivative of -i**5/20 - i**4/4 + i**3/2 + 2*i**2 + 332*i. Let h be (12/8)/((-1)/2). Calculate n(h).
-5
Let b(s) be the second derivative of -s**3/3 - 67*s. Give b(-1).
2
Let k(j) = 2*j - 3. Suppose 2 = -w - p, 48*p - 9 = 45*p. Determine k(w).
-13
Let l(y) = -y**2 + 12*y - 1. Suppose -43*n + 1 = 2*x - 38*n, 0 = 5*x - 5*n - 90. Calculate l(x).
-14
Let m(q) = 36*q**3 + 3*q**2 - 5*q + 3. Let j(t) = 24*t**3 + 2*t**2 - 3*t + 2. Let g(w) = -8*j(w) + 5*m(w). What is g(-1)?
11
Let v be ((-180)/150)/(4/10). Suppose 4*j = -4*r + 48, 4*r + 5*j + 12 = 64. Let f(o) = -3 - r*o - 9*o + 13*o. What is f(v)?
9
Let u(d) = 1. Let n(a) = -19*a**2 - 4*a + 1. Let j(m) = n(m) + 4*u(m). Let v(c) = -c**2 - c + 1. Let b(o) = -j(o) + 4*v(o). Give b(-1).
14
Suppose 12*a + 69 = 8*a - 3*p, 3*a + 48 = -p. Let g(j) = 3*j + 33. What is g(a)?
-12
Let w(l) be the third derivative of 1/24*l**4 - 1/120*l**6 - 1/6*l**3 + 0 + 0*l - 1/12*l**5 + 17*l**2. Calculate w(-5).
-6
Let m = -13 - 1. Let q = -11 - m. Let f(r) = -2*r**3 + 11 + r - 3*r + 3*r**q + r. Give f(0).
11
Let p(g) = 16*g - 14. Let v(n) = 20*n - 15. Let o(x) = 6*p(x) - 5*v(x). Determine o(-9).
27
Let i(k) = 3*k**2 - 2*k - 1. Let f(q) = -2*q - 1. Let v be f(-3). Let d = -12 + v. Let x = d - -5. What is i(x)?
15
Let g(t) be the first derivative of -3*t**2 - 3*t + 141. Determine g(-4).
21
Let u(y) be the first derivative of y**5/24 + y**4/12 + 9*y**3 + 17. Let l(d) be the third derivative of u(d). Calculate l(-3).
-13
Let y(w) be the third derivative of 10*w**2 + 0*w - 5/6*w**3 + 0 - 1/24*w**4. Determine y(-4).
-1
Let s(b) = -3*b**2 + 4*b - 5. Let l(c) = c + 2. Let x(t) = 3*l(t) + s(t). Determine x(5).
-39
Let g(a) = 7*a**2 - 6*a - 19. Let c(j) = -13*j**2 + 11*j + 37. Let k(u) = 6*c(u) + 11*g(u). Let t be k(3). Let o(r) = 0*r + 2*r + 4 - 6*r. Give o(t).
-12
Let f = 15 + 5. Let w be (10/f)/((-2)/(-24)). Let y(m) = m**2 - 2*m + 7. Let p(z) = -z. Let d(l) = 4*p(l) + y(l). Calculate d(w).
7
Let q(g) = 5*g - 13. Let c be q(4). Let a(s) = 15*s**2 - 12*s - 19. Let f(i) = -7*i**2 + 6*i + 9. Let b = 1 + -7. Let m(z) = b*a(z) - 13*f(z). Determine m(c).
4
Let j(s) = -s**2 + 11*s + 29. Suppose -3*f + 3*a = -45, 0*f = -f - 2*a + 9. What is j(f)?
3
Let z(w) = -3*w**2 + 2*w + 4. Let i(o) = o**2 - o. Let b(f) = -4*i(f) - z(f). Let g(x) = x + 9. Suppose 3*c - 9 = -27. Let a be g(c). Calculate b(a).
-7
Let w(o) = -2*o**3 - o**2 - o + 1. Let z be -7 + 4 + -2 - -3. Let y = z + 2. Let l be (-2 + 1 + y)/(-1). What is w(l)?
-3
Suppose 3*g + 8 = -4*w - 2, -3*g + 2 = w. Let l be w/18 - (-60)/27. Let j(k) = -k**2 + 2*k - 1. Calculate j(l).
-1
Let v(r) = -r - 4. Let p(l) = -2*l**2 + 18*l - 3. Let x be p(9). What is v(x)?
-1
Let i